e number?
True
Is 155467129 prime?
True
Is 181735003 a prime number?
False
Is 8003773 a composite number?
True
Is 22050771 prime?
False
Is 2028101 a prime number?
True
Is 975731 prime?
True
Is 29223451 composite?
True
Is 159248459 a prime number?
True
Is 339191101 a prime number?
False
Is 10223387 a composite number?
True
Is 290581519 a composite number?
False
Is 2556226 a prime number?
False
Is 45535223 composite?
False
Is 198673 prime?
True
Is 9456329 composite?
False
Is 3913237 prime?
True
Is 950724035 a composite number?
True
Is 21286345 prime?
False
Is 8661943 a prime number?
True
Is 1112954 composite?
True
Is 43440743 a prime number?
False
Is 2278181 a composite number?
False
Is 8073359 a prime number?
False
Is 1357169 a composite number?
True
Is 839767 composite?
False
Is 47197477 composite?
False
Is 61301837 composite?
True
Is 361856323 prime?
True
Is 16775921 a composite number?
True
Is 4047257 composite?
False
Is 1177404817 a prime number?
False
Is 29226539 prime?
False
Is 5188429 prime?
True
Is 26489413 prime?
True
Is 123918451 composite?
True
Is 682951 a prime number?
True
Is 17223209 prime?
False
Is 18280931 a prime number?
False
Is 37825301 a prime number?
False
Is 1035241 composite?
False
Is 459949981 a prime number?
True
Is 99954709 a prime number?
False
Is 12322523 a prime number?
True
Is 145003 a prime number?
False
Is 16064277 prime?
False
Is 86557007 composite?
True
Is 14882741 a prime number?
True
Is 839988949 a composite number?
False
Is 27067993 composite?
False
Is 38136517 a composite number?
False
Is 10140829 prime?
True
Is 4512065 a composite number?
True
Is 26525563 a composite number?
False
Is 19575827 prime?
True
Is 9763757 composite?
False
Is 36071317 a composite number?
False
Is 30313067 a composite number?
True
Is 15038609 a composite number?
False
Is 453259 a prime number?
False
Is 18635251 a composite number?
True
Is 2942603 a composite number?
True
Is 3411443 a composite number?
True
Is 66580411 a composite number?
False
Is 950731 a prime number?
False
Is 375031 a prime number?
False
Is 502097 a composite number?
True
Is 36310163 a composite number?
False
Is 3111107 composite?
False
Is 3088321 a composite number?
False
Is 200250051 a prime number?
False
Is 174029473 prime?
True
Is 125837827 composite?
True
Is 46369045 composite?
True
Is 142099453 a prime number?
True
Is 17634269 a composite number?
False
Is 113843 a prime number?
True
Is 38180099 composite?
False
Is 57583633 prime?
True
Is 1982551 a composite number?
False
Is 37914241 a composite number?
False
Is 3244247 prime?
True
Is 7515523 a composite number?
False
Is 160861 prime?
True
Is 127545521 composite?
False
Is 120639091 a composite number?
False
Is 333923 prime?
True
Is 4571921 prime?
True
Is 12768583 a composite number?
False
Is 309288011 prime?
False
Is 8054597 prime?
True
Is 695803205 a composite number?
True
Is 27448879 composite?
False
Is 2114447 composite?
True
Is 15719057 prime?
True
Is 405688999 prime?
True
Is 13308279 a composite number?
True
Is 318137011 a composite number?
True
Is 19471729 a prime number?
True
Is 912761 prime?
False
Is 3067067 a prime number?
False
Is 45163057 prime?
False
Is 13201249 prime?
True
Is 2389351 composite?
False
Is 1790297 prime?
False
Is 7257989 a prime number?
True
Is 57901159 prime?
True
Is 46003103 prime?
True
Is 3267439 a prime number?
False
Is 12225481 prime?
False
Is 8722157 prime?
False
Is 571177 prime?
False
Is 14635451 a prime number?
False
Is 164480857 composite?
True
Is 96518869 a composite number?
False
Is 427151 prime?
True
Is 865559 prime?
False
Is 112370693 a composite number?
True
Is 7294657 a composite number?
True
Is 14652973 a prime number?
False
Is 61380041 prime?
False
Is 27692837 a prime number?
True
Is 2646733 composite?
False
Is 2310019 prime?
True
Is 3473773 prime?
True
Is 44391161 prime?
True
Is 72304945 composite?
True
Is 168305689 a prime number?
False
Is 93038906 composite?
True
Is 16711991 a prime number?
True
Is 11089421 a prime number?
False
Is 270733387 prime?
False
Is 32135093 prime?
True
Is 24824227 composite?
True
Is 6605639 a composite number?
True
Is 54175031 prime?
False
Is 13904083 composite?
False
Is 2424427 prime?
True
Is 110863 composite?
False
Is 16937927 composite?
False
Is 560761793 a composite number?
True
Is 12732281 composite?
True
Is 12670547 composite?
False
Is 36423677 prime?
True
Is 85603319 composite?
False
Is 368049037 a prime number?
True
Is 30793769 prime?
True
Is 110855029 prime?
True
Is 3755359 a prime number?
True
Is 142853089 prime?
True
Is 21487243 prime?
True
Is 12301837 a prime number?
True
Is 23017883 a prime number?
False
Is 17800801 composite?
True
Is 2263719 a prime number?
False
Is 382519 composite?
False
Is 64935083 a composite number?
False
Is 4832299 prime?
False
Is 8198579 prime?
False
Is 2533489 prime?
False
Is 3434749 a prime number?
True
Is 171762649 composite?
True
Is 1774153 composite?
True
Is 409120631 a prime number?
False
Is 292913 a composite number?
True
Is 230055739 a composite number?
False
Is 2743219 a prime number?
True
Is 73123 a composite number?
True
Is 1966283 a composite number?
True
Is 48007987 composite?
False
Is 83890931 a composite number?
False
Is 1895479 a composite number?
False
Is 266223439 composite?
False
Is 352627 composite?
True
Is 5091407 prime?
True
Is 51610541 prime?
True
Is 13039157 a prime number?
True
Is 12256903 prime?
True
Is 339799 a prime number?
True
Is 17791691 a composite number?
False
Is 445447 a composite number?
False
Is 108970709 a composite number?
False
Is 7520993 composite?
False
Is 1038001 a composite number?
False
Is 74875355 prime?
False
Is 54813877 prime?
True
Is 749543 composite?
False
Is 12486601 a prime number?
True
Is 55641193 a prime number?
False
Is 265883 composite?
False
Is 8314433 a prime number?
True
Is 23630137 composite?
False
Is 107648561 a prime number?
False
Is 329533421 a composite number?
True
Is 55497899 prime?
True
Is 293972401 prime?
True
Is 4032169 a composite number?
True
Is 641959 composite?
False
Is 557873 prime?
False
Is 76773247 prime?
True
Is 11270071 a composite number?
False
Is 4964317 composite?
False
Is 6508091 a composite number?
False
Is 1372477 composite?
True
Is 1394051 composite?
True
Is 259728503 a composite number?
False
Is 32292961 a composite number?
False
Is 110613506 a prime number?
False
Is 1462729 composite?
True
Is 3585271 prime?
True
Is 5160374 a composite number?
True
Is 800609 composite?
True
Is 46866649 prime?
False
Is 2646239 a prime number?
False
Is 8636057 prime?
True
Is 1597657 a composite number?
False
Is 319573409 a composite number?
False
Is 358966 a composite number?
True
Is 1531591 a prime number?
True
Is 46653283 a composite number?
False
Is 200496481 a composite number?
True
Is 2439629 a composite number?
True
Is 56774213 a composite number?
True
Is 1258559 composite?
False
Is 41920123 prime?
False
Is 449309 a prime number?
False
Is 46967 prime?
False
Is 21828531 prime?
False
Is 1040597 a prime number?
True
Is 169769323 prime?
False
Is 1088051947 composite?
False
Is 116450897 a composite number?
False
Is 916901 a composite number?
True
Is 668201 prime?
True
Is 122971853 composite?
False
Is 649301 a prime number?
False
Is 26276609 a prime number?
False
Is 74482163 prime?
False
Is 5448059 composite?
False
Is 138762919 a prime number?
True
Is 85709159 a composite number?
False
Is 88144661 composite?
True
Is 181453109 a composite number?
False
Is 10331371 prime?
True
Is 2039827 composite?
True
Is 1679567 composite?
True
Is 196746469 a composite number?
True
Is 663397 a composite number?
True
Is 22662089 prime?
True
Is 5356187 prime?
True
Is 151455313 a prime number?
False
Is 677994263 prime?
True
Is 531682903 composite?
True
Is 2422201 composite?
False
Is 327518509 a prime number?
False
Is 690757 composite?
False
Is 27388577 a prime number?
True
Is 1345163 prime?
False
Is 167641 a composite number?
False
Is 2876117 a composite number?
False
Is 213041 composite?
True
Is 81614833 prime?
False
Is 1879285 prime?
False
Is 141654289 a prime number?
False
Is 384119077 composite?
False
Is 13722637 prime?
False
Is 7919413 a composite number?
False
Is 176433311 composite?
True
Is 716386607 prime?
True
Is 85902991 prime?
True
Is 21